 + 4. Let s(g) = -137*g**3 + 13*g**2 - 2*g + 6. Let f(m) = 7*i(m) - 5*s(m). What is the units digit of f(1)?
7
Suppose 16*w - 6*w = 0. Suppose -3*y - x = -w*x - 758, -3*x + 1004 = 4*y. What is the tens digit of y?
5
Suppose 0 = 3*g + 2*n + 7, -g + 2*n + 0*n = 5. Let z be (120/(-100))/(g/10). What is the tens digit of (-88)/z*4/(-2)?
4
Let u(r) = 3*r - 4*r + 0*r + 5*r - 4. Let z(k) = -k**2 - 8*k - 7. Let g be z(-6). What is the units digit of u(g)?
6
Let u be (2 - -2) + (-82)/(-2). Let m be (-5)/(15/9) - -6. Suppose m*h + 2*t = 200, -5*t - u = -h + 16. What is the tens digit of h?
6
Let p be 0 + 210 - 15/10*-2. Suppose p - 7 = 2*a. What is the units digit of a?
3
Suppose -b + 31 - 28 = 0, -2*b = 2*l - 876. What is the tens digit of l?
3
Let u(j) = -720*j + 256. What is the thousands digit of u(-2)?
1
Suppose 9*c - 6*c = 3. What is the units digit of c/4 + 33/12 - -3?
6
Let m be 1 - (472/6)/((-8)/(-12)). Let s = m - -246. What is the hundreds digit of s?
1
Let u(q) = q**3 + 4*q**2 - 5*q - 3. Let f = 16 + -20. Let y be -3*(f/(-12) + 1). What is the units digit of u(y)?
7
Let q(s) = -14*s**3 - 38*s**2 - s - 1. Let a(b) = 5*b**3 + 13*b**2. Let n(v) = 11*a(v) + 4*q(v). What is the tens digit of n(-9)?
3
Suppose -92 = 4*l - 2*b, 0 = 3*l - 2*b - b + 66. Let p = -13 - l. Let t = p + -1. What is the units digit of t?
0
Let f be (-6 - (-144)/27)/((-2)/708). What is the units digit of 3/(4 + (-932)/f)?
9
Let y = 6 - 14. Let m = 27 - y. What is the units digit of (m/(-21))/((-2)/18)?
5
Suppose -3496 = 927*m - 935*m. What is the tens digit of m?
3
Let l(s) = -104*s - 227. What is the hundreds digit of l(-5)?
2
Let t be 1 + 3 + -5*(-1)/(-5). Suppose -t*w + 1248 = 3*w. What is the units digit of w?
8
Let s(x) = 2*x + 7 - 3*x - 1 + 6. Let y be s(13). What is the units digit of -8 - -9 - 14/y?
5
Suppose 4*n = 46 - 50. Let f(u) = 106*u**2 - u + 1. What is the hundreds digit of f(n)?
1
Let v = -25 - -24. Let x(j) = -2*j + 1. What is the units digit of x(v)?
3
Suppose -468 = -11*t - t. Let g = -28 + 2. Let v = g + t. What is the units digit of v?
3
Suppose -5*j + 2*x = -159, 0*x + 39 = j - 4*x. Let b = j + 3. What is the tens digit of b?
3
Suppose 0*p - 36 = -4*p. Let y(k) = 0*k + k**3 - 8*k**2 - 2*k**3 + 0 - 4 - p*k. What is the tens digit of y(-7)?
1
Let j = 0 + -3. Suppose 65*a - 58*a = -308. What is the tens digit of (-9)/j*a/(-4)?
3
Let x be 84/10 + 3/5. Suppose -3*u + 3 = -3*j, 4*u = 5*u + 3*j - x. Suppose -u*r = 2*r - 130. What is the tens digit of r?
2
Suppose -i = 4*r - 2603, 644 = r - 24*i + 22*i. What is the hundreds digit of r?
6
Let b = 394 - 39. What is the units digit of b?
5
What is the units digit of (-1)/6 - 1/(-6) - -311?
1
Suppose 3*o + 2*p - 23 = 0, -o + 2*p + 5 = -0. Let g(y) = y**3 - 5*y**2 - 11*y + 6. What is the tens digit of g(o)?
2
Suppose -360 - 178 = -2*g. Let m = g - 143. Suppose -5*q + 3*q - 4*h + m = 0, -q + 66 = -h. What is the tens digit of q?
6
Suppose -9 = -2*u + 9. Let c be (-3)/u - (-170)/6. Suppose -5*o + s + c = 3*s, 17 = 3*o + s. What is the units digit of o?
6
Let u(c) = -c**3 - 3*c**2 + 7*c + 14. Let h be u(-4). Suppose 4 = -h*d, -r + 383 = 2*r - d. What is the tens digit of r?
2
Let i = -710 - -1284. What is the tens digit of i?
7
Let l(x) = 10*x - 20. Let u(d) = 7*d - 13. Let z(y) = -5*l(y) + 7*u(y). Let h be z(5). What is the tens digit of 13 - h/(8/(-6))?
1
Let j(c) be the first derivative of -3*c**2/2 - 7*c + 2. Suppose -3*d - d - v = 11, 2*v - 11 = 3*d. What is the units digit of j(d)?
2
Suppose 4*y - y = -2*z + 7, 3*z - 18 = -3*y. Let i = 17 + z. What is the tens digit of i?
2
Let j = -78 - -816. What is the units digit of j?
8
Let q(a) = a**3 - 5*a**2 + 8*a + 4. Suppose 1 = 3*f - 11. Suppose f*s - 5*s + 4 = 0. What is the tens digit of q(s)?
2
Let w be (-4 + -1 + 4)*-121. Suppose 0 = -5*l + l + i + 517, l - 3*i = w. Suppose 6*c - c = 3*k - 86, l = 4*k + c. What is the units digit of k?
2
Suppose 2*h + 2*h + 68 = -3*s, 2*s - h + 38 = 0. Let t = s - -68. What is the units digit of t?
8
Suppose -4*s + 8512 = -2*b, 2115 + 13 = s + 2*b. What is the tens digit of s?
2
Let t be (-15)/20*(-8)/3. What is the units digit of 104 - (t + (2 - (-3 + 8)))?
5
Suppose 4*u - 152 - 48 = 0. Suppose 0 = 2*p - p - 2*l - u, -50 = -p - 3*l. What is the units digit of p?
0
Let x(r) = r**3 - r**2 + 11*r + 19. What is the hundreds digit of x(9)?
7
Let x(w) be the second derivative of 16*w**3/3 + 7*w**2 + 15*w. What is the hundreds digit of x(3)?
1
Let r(k) = 2*k**2 + 18*k - 35. Let b be r(-11). Let o(j) = 4*j**2 - 5*j - 6. Let x be o(-4). Suppose 6*i - b*i = -x. What is the units digit of i?
6
Let u = -66 - -128. What is the units digit of u?
2
Let m = 63 - 62. Let y(i) be the first derivative of 22*i**3/3 - i**2/2 + 3. What is the tens digit of y(m)?
2
Suppose 1098 = -21*w + 22*w. What is the tens digit of w?
9
Let i be ((-33)/15)/(6/30). Let o(x) = x**2 + 8*x - 4. What is the units digit of o(i)?
9
Suppose 5*q - 12 = 4*m + q, -3*m + 2*q = 4. Suppose 5*x - 25 = 0, -4*h + 3*x - 9 = m. What is the units digit of h?
1
Suppose -28 = -2*k - 0*k. Suppose -3*a - u = k, 0 = -3*u - 5 - 1. What is the tens digit of a/6 + (-220)/(-15)?
1
Suppose 0 = 15*w + 178 + 2. Let a(x) be the first derivative of -x**3/3 - 13*x**2/2 + 13*x - 1. What is the tens digit of a(w)?
2
Let y(r) = r**2 - r + 5. Let w be 6/2 + 0 + -3. Let q be y(w). Suppose -64 = -2*n - 4*z + 56, -230 = -q*n + 4*z. What is the units digit of n?
0
Let s = 3 + -5. Let h be (2 + s - 0)/1. What is the tens digit of 7*(h + (-20)/(-14))?
1
Let w(j) = -j**3 - 8*j**2 - j - 1. Let u(q) = -2*q + 14. Let a be u(11). What is the units digit of w(a)?
7
Let m(w) = -7*w - 3. Let p(j) = j. Let x(q) = -m(q) + 3*p(q). What is the tens digit of x(8)?
8
Let o = -2177 + 4096. What is the units digit of o?
9
Suppose -3*t + 0*y - y = -5, -2*y = 2. Suppose 5*s - 7 = -u - u, t*s = -3*u - 6. Suppose -s*c = 32 - 119. What is the tens digit of c?
2
Suppose z + 4*y = 1588, -3*y = -17 + 2. What is the tens digit of z?
6
Suppose -h = 4*j - 837, h - 6*h = -5*j + 1040. Let k = 516 - j. What is the units digit of k?
7
Suppose -2*s - 3*d + 4 = -2, -3*s - 3*d + 6 = 0. Suppose 4*v = -v + 3*x + 1186, 2*x - 6 = s. Suppose -6*p + 55 = -v. What is the tens digit of p?
4
Suppose -2*t = 5*m - m - 1296, 4*t = 2*m + 2552. What is the tens digit of t?
4
Let c(o) = -2*o + 578. What is the units digit of c(49)?
0
Suppose -78*o = -69*o - 9306. What is the units digit of o?
4
Let j be (-27)/45 - 573/(-5). Suppose -m + 3*u + j = 0, 4*u - 391 = -4*m + 3*u. What is the tens digit of m?
9
Let k = 2329 - 1646. What is the hundreds digit of k?
6
Suppose 0*s - 3*s = 6, 4*g - 2*s - 16 = 0. Suppose 4 = w + w. Suppose -g*c - 2*r + 66 = -0*r, 6 = w*r. What is the tens digit of c?
2
Let l(i) = i**3 - i**2 + i - 1120. Let a be l(0). Suppose 10*b = 2*d + 12*b, d + 15 = 2*b. What is the tens digit of (a/12)/d*3?
5
Let k be 10/(-55) + (-48)/(-22). Suppose -5*w = -5*u + 15, k*w + 9 = -u + 6*u. Let v = w - -7. What is the units digit of v?
5
Let r(p) be the second derivative of -p**5/5 + p**4/6 - p**3/3 + p**2/2 + 7*p. Let y be r(1). Let z = 3 - y. What is the units digit of z?
6
What is the tens digit of (38457/45)/((-4)/(-20))?
7
Suppose -7596 - 3861 = -19*d. What is the units digit of d?
3
Let k be -1 + 20/((-8)/(-2)). Let u be (-14)/k*12/(-21). What is the units digit of 2 + 3 + -2 - u?
1
Let w = -3542 + 4993. What is the units digit of w?
1
Suppose -3*b - 21 + 27 = 0. Suppose 0*n = 5*s - b*n - 148, 0 = 3*s + 4*n - 68. What is the units digit of s?
8
Let n be 6/2*(-532)/(-21). Let t = n - 11. What is the tens digit of t?
6
Let j(s) = -15*s + 3. Let c(u) = -45*u + 9. Let m(n) = -6*c(n) + 17*j(n). What is the units digit of m(3)?
2
Suppose -j = 5*h - 1094, -3*h = -0*h - 2*j - 659. Let f = -97 + h. What is the tens digit of f?
2
Let n = -13 + 12. Let q(o) = 43*o**2 + 1. What is the tens digit of q(n)?
4
Let t(r) = -5*r**2 + r - 13. Let n(x) = -11*x**2 + 2*x - 27. Let f(c) = 4*n(c) - 9*t(c). What is the tens digit of f(-9)?
9
Suppose 5*h - 2520 = -3*b, 2*b + 4*h = 718 + 964. What is the tens digit of b?
3
What is the hundreds digit of 42/441 + (-51824)/(-42)?
2
Let q = -4013 + 8073. What is the thousands digit of q?
4
Suppose -81*m + 86*m = 6560. What